inder when 40 is divided by 63/(-2)*16/q?
19
Calculate the remainder when (1/2)/((-5)/(-180)) is divided by 10.
8
Let i(g) be the third derivative of g**6/120 + g**5/4 + 7*g**4/12 + 3*g**3 + 2*g**2. Calculate the remainder when 35 is divided by i(-14).
17
Suppose -3*t - o = -365, -4*t - o = -2*o - 489. Calculate the remainder when t is divided by 31.
29
Let o(u) be the second derivative of -u**3/6 + 15*u**2/2 + 5*u. Calculate the remainder when o(9) is divided by 3.
0
Suppose 14 = -2*l + 4*s, 4*l - 2*s + 46 = -3*s. Let x = 0 - l. What is the remainder when 21 is divided by x?
10
Let d = 5 - 19. Let h = d + 26. Suppose -t + h = 3. What is the remainder when 26 is divided by t?
8
Suppose -5*l + 18 = u, -3*u = -4*l - 5*u + 12. Let v(r) = r**2 + 2*r - 1. Calculate the remainder when v(-5) is divided by l.
2
Let x(r) = 6*r**3 - 2*r**2 + 1. Let q be x(1). Suppose -q*y + 17 = -18. What is the remainder when 13 is divided by y?
6
Suppose -356 = -4*f + 4*h, -3*f + 61 + 201 = -4*h. What is the remainder when f is divided by 27?
13
Suppose -5*f + 48 = -2. Let a = -186 - -225. Calculate the remainder when a is divided by f.
9
Let r(g) = 2*g**2 + 7*g - 15. Calculate the remainder when 99 is divided by r(-7).
31
Suppose 0 = -3*t - 9, 0 = 2*h - 4*h - 3*t + 31. Calculate the remainder when 96 is divided by h.
16
Suppose v - 5*x - 50 = -0*v, 137 = 4*v + x. Let m = v - 22. What is the remainder when ((-48)/(-10))/((-2)/(-10)) is divided by m?
11
Let p = 129 - 49. Calculate the remainder when p is divided by 9.
8
Suppose -3*s + 0*s - 3*t + 24 = 0, -4*s + 3*t + 18 = 0. Calculate the remainder when 14 is divided by s.
2
Suppose g - 6 = -2*g. Suppose 6*k = g*k + 40. What is the remainder when 18 is divided by k?
8
Let b(h) = -h**2 - 5*h. What is the remainder when ((-11)/(-4))/((-1)/(-4)) is divided by b(-3)?
5
Suppose 4*m - 5*m + 6 = 0. Let u(z) = 4*z**3 + 7*z - 4*z**2 + 1 - 3*z**3 + 5 - 3*z**2. Calculate the remainder when 22 is divided by u(m).
10
Let q = 10 - -18. Let z be (0/1 - 6)/(-2). Suppose -50 = -z*c - 2*c. What is the remainder when q is divided by c?
8
Calculate the remainder when 14 is divided by -1*(0 + 5)*-1.
4
Calculate the remainder when 7/(-21) - 56/(-6) is divided by 3.
0
Let b = -3 + 5. Suppose -u = -t - 7 + 2, -4*t = 2*u - 22. Calculate the remainder when u is divided by b.
1
Let v be ((-24)/(-14))/(1/7). Let t(l) = -l**3 + 13*l**2 - 9*l - 12. What is the remainder when 45 is divided by t(v)?
21
Let x = 70 + -17. Let j be 5/(-20) - 78/8. Let g = 4 - j. What is the remainder when x is divided by g?
11
Suppose 4*f = 3*f + 13. What is the remainder when 36 is divided by f?
10
Suppose 53*a - 51*a - 66 = 0. Calculate the remainder when a is divided by 9.
6
What is the remainder when 26 is divided by (-1 + 11)*36/24?
11
Let q be 6/(-21) - 116/(-14). Suppose 2*v + q = 4*v. Suppose -3*k + 18 = v*t, -3*k - 5*t = -8*k + 65. Calculate the remainder when k is divided by 4.
2
What is the remainder when (9 - (-2488)/24) + 8/6 is divided by 13?
10
Let d = 12 + 13. What is the remainder when d is divided by 16?
9
Suppose 3*d = y - 17, -11 = -4*d + 9. Suppose 7*x = 3*x - 4*i + y, 0 = 3*x - i - 36. Calculate the remainder when 21 is divided by x.
10
Let p = -40 + 68. What is the remainder when 109 is divided by p?
25
Let u(y) = -14*y - 4. Suppose 0 = j - 1 + 4. Let f be u(j). Let l = f - 7. Calculate the remainder when l is divided by 11.
9
Let k(s) = -20*s - 3. Let w be k(-2). Suppose -3*o = -w + 10. Let j(y) = -y**2 + 16. Calculate the remainder when j(0) is divided by o.
7
Calculate the remainder when (-8)/14 + (2116/(-14))/(-2) is divided by 13.
10
Let u(c) = -c**2 - 8*c - 6. Calculate the remainder when 24 is divided by u(-3).
6
Suppose -2*l = -4*l + 92. Suppose 4*i - 34 = -5*m, 3*m = 7*i - 3*i + l. What is the remainder when 19 is divided by m?
9
Suppose -3*h = -3 - 9. Suppose -3*m = -h*o + 71, 19 + 18 = 3*o + m. What is the remainder when o is divided by 4?
2
Let d(x) = -x - 3. Let h be d(-6). Suppose -25 = -2*m - h*b, 0*b - b = 2*m - 31. Calculate the remainder when m is divided by 9.
8
Let r(c) = c + 26. Let b(n) = -1. Let p(z) = 24*b(z) + 3*r(z). Calculate the remainder when p(0) is divided by 14.
12
Let j = 6 + 1. Let k(o) = 2*o**2 + o - 2. Suppose -5*g - 12 - 8 = 0. What is the remainder when k(g) is divided by j?
5
What is the remainder when 58 is divided by (-7 + 6)*(-15 - 0)?
13
Let q = 24 + -8. Calculate the remainder when 30 is divided by q.
14
Let a = 110 + -59. Suppose -4*l + 8 = 0, 4*l - 88 = -5*c + 5*l. What is the remainder when a is divided by c?
15
Let h = -44 - -104. Suppose 12*v + h = 17*v. What is the remainder when 34 is divided by v?
10
Suppose -3*z = 2*z. Suppose 5*r - 35 = j, z*r = 3*r + 2*j - 34. Calculate the remainder when 5/10*44/1 is divided by r.
6
Calculate the remainder when (5 - 1)*(-35)/(-14) is divided by 4.
2
Let u(m) = 5*m**2 - 4*m. Suppose 4*r = -2*n + 20, 5*r = -2*n + 4*n - 29. What is the remainder when u(-3) is divided by n?
9
Suppose -22*o + 19*o + 33 = 0. Calculate the remainder when 65 is divided by o.
10
What is the remainder when 53 is divided by -14*-3*(-1)/(-3)?
11
Let r = 74 - 20. Calculate the remainder when r is divided by 19.
16
Let a(f) = 4*f - 2. Let n(g) = g - 8. Let x be n(7). Let p be 2 - 0*x/3. Calculate the remainder when 16 is divided by a(p).
4
Suppose 3*p = 6*p - 12. Suppose -p*n - 57 = -7*n. Suppose 0 = 2*f + 4*h - 92, -51 = 2*f - 3*f - h. Calculate the remainder when f is divided by n.
18
Suppose 2*z - 4*g = 56, 0*z - 3*z + 68 = -2*g. Calculate the remainder when z is divided by 8.
4
Let v(m) = -m**3 - 4*m**2 + 3*m + 6. Let u(k) = -4*k - 1. Let f be u(1). What is the remainder when 1*47*1 + 0 is divided by v(f)?
15
Suppose 128 = 4*k + 4*k. What is the remainder when 28 is divided by k?
12
Let g(l) = -27*l**2 - l - 1. Let h(v) = 26*v**2 + v + 2. Let d(x) = -3*g(x) - 2*h(x). What is the remainder when d(1) is divided by 10?
9
Let d be 4/(-2 + (-10)/(-4)). Suppose 3*c = d*c. Calculate the remainder when 16 is divided by 1/3*c - -9.
7
Let u = 42 + -30. Let i = -4 - -20. Let n = -9 + i. What is the remainder when u is divided by n?
5
Suppose 2*s = -4*t + 6*s + 32, -5*t = -s - 52. Suppose -z = -f + 17 - 52, -5*f = z - t. Calculate the remainder when z is divided by 17.
14
Let b(i) = i**2 + 15*i + 5. Calculate the remainder when 19 is divided by b(-15).
4
Suppose -3*t = -q + 4*q - 6, -3*q + 16 = -2*t. Let c be -2*1/(-2) - -1. Suppose 86 = -c*b + q*b. What is the remainder when b is divided by 15?
13
Suppose -4*d = d + 15, 4*b - 89 = 3*d. What is the remainder when 77 is divided by b?
17
Suppose 5*r + 5*d - 72 = -12, -3*r + 16 = -2*d. Suppose 5 = -g + 4*s, -2*g + 20 = 4*s - 6. Let i = g + 8. What is the remainder when i is divided by r?
7
Suppose 28 = 3*j - 3*p - 11, 0 = -5*p + 15. What is the remainder when 31 is divided by j?
15
Let q = -19 - -135. Calculate the remainder when q is divided by 40.
36
Suppose -3*w + 169 + 53 = 0. Calculate the remainder when w is divided by 25.
24
Let w = -130 - -267. Calculate the remainder when w is divided by 23.
22
Let t(d) be the third derivative of 13*d**5/30 + d**4/24 - 4*d**2. What is the remainder when t(-1) is divided by 9?
7
Calculate the remainder when 49 is divided by 0*(-5)/(-20) + 17.
15
Suppose 4*r = -16, x = -0*r + r + 47. What is the remainder when x is divided by 11?
10
Let q(g) = g - 2. Suppose -4*m + 1 = -3. What is the remainder when m is divided by q(3)?
0
Suppose -5*d - 2*p = -69, -p - 3*p = -4*d + 72. Let q(f) = -f**3 - 7*f**2 - 5*f - 7. Calculate the remainder when q(-7) is divided by d.
13
Suppose -4*l - 1 = -3*t - 2, 3*t - l - 11 = 0. Suppose -w = -t*w. Calculate the remainder when 4/(8/66) - w is divided by 17.
16
Calculate the remainder when 3 + 98 + (1 - -1) is divided by 26.
25
Let p(n) = -2*n - 11. Let s be p(-8). Suppose 4*g = 5*l - 4, l + 6*g + s = g. Suppose -2*i + 7*i - 55 = l. Calculate the remainder when 41 is divided by i.
8
Suppose 2*z + 9 = -3*b, 3*z + 0*z = 5*b + 34. Let u(d) = -d**2 - 9*d - 4. Calculate the remainder when u(-7) is divided by z.
1
Let q = 69 + 22. Calculate the remainder when q is divided by 23.
22
Suppose 4*l - 3*l = -s + 24, -5*s = 4*l - 117. Calculate the remainder when 35 is divided by s.
14
Let t(